{"id":165,"date":"2023-09-11T15:45:16","date_gmt":"2023-09-11T13:45:16","guid":{"rendered":"https:\/\/globaltia.es\/?page_id=165"},"modified":"2023-09-14T12:16:46","modified_gmt":"2023-09-14T10:16:46","slug":"derecho-desestimiento","status":"publish","type":"page","link":"https:\/\/globaltia.es\/?page_id=165","title":{"rendered":"FORMULARIO DERECHO DE DESESTIMIENTO &#8211; Globaltia Ahorro"},"content":{"rendered":"<p>[et_pb_section fb_built=&#8221;1&#8243; next_background_color=&#8221;#ffffff&#8221; admin_label=&#8221;Header&#8221; _builder_version=&#8221;4.22.1&#8243; _module_preset=&#8221;default&#8221; background_color=&#8221;#92a5ab&#8221; use_background_color_gradient=&#8221;on&#8221; background_color_gradient_direction=&#8221;90deg&#8221; background_color_gradient_stops=&#8221;rgba(0,0,0,0) 50%|#92a5ab 50%&#8221; background_color_gradient_overlays_image=&#8221;on&#8221; background_color_gradient_start=&#8221;rgba(0,0,0,0)&#8221; background_color_gradient_start_position=&#8221;50%&#8221; background_color_gradient_end=&#8221;#92a5ab&#8221; background_color_gradient_end_position=&#8221;50%&#8221; background_image=&#8221;https:\/\/globaltia.es\/wp-content\/uploads\/2023\/08\/estate-planning-77.png&#8221; background_position=&#8221;top_left&#8221; custom_padding=&#8221;||0px||false|false&#8221; bottom_divider_style=&#8221;slant&#8221; bottom_divider_height=&#8221;10vw&#8221; locked=&#8221;off&#8221; global_colors_info=&#8221;{%22gcid-af512a5f-530a-4e80-bfc4-3632d9174c8b%22:%91%93,%22gcid-b593ef39-6aba-4318-8d2d-133b31113704%22:%91%93}&#8221;][et_pb_row column_structure=&#8221;1_3,1_3,1_3&#8243; _builder_version=&#8221;4.22.1&#8243; _module_preset=&#8221;default&#8221; background_image=&#8221;https:\/\/globaltia.es\/wp-content\/uploads\/2023\/08\/estate-planning-24.png&#8221; background_size=&#8221;contain&#8221; background_repeat=&#8221;space&#8221; global_colors_info=&#8221;{}&#8221;][et_pb_column type=&#8221;1_3&#8243; _builder_version=&#8221;4.22.1&#8243; _module_preset=&#8221;default&#8221; global_colors_info=&#8221;{}&#8221;][\/et_pb_column][et_pb_column type=&#8221;1_3&#8243; _builder_version=&#8221;4.22.1&#8243; _module_preset=&#8221;default&#8221; global_colors_info=&#8221;{}&#8221;][et_pb_image src=&#8221;https:\/\/globaltia.es\/wp-content\/uploads\/2023\/08\/WhatsApp-Image-2023-08-25-at-12.42.46.jpeg&#8221; title_text=&#8221;WhatsApp Image 2023-08-25 at 12.42.46&#8243; _builder_version=&#8221;4.22.1&#8243; _module_preset=&#8221;default&#8221; transform_scale_tablet=&#8221;&#8221; transform_scale_phone=&#8221;70%|70%&#8221; transform_scale_last_edited=&#8221;on|phone&#8221; transform_translate_tablet=&#8221;&#8221; transform_translate_phone=&#8221;0px|71px&#8221; transform_translate_last_edited=&#8221;on|phone&#8221; transform_translate_linked=&#8221;off&#8221; transform_rotate_tablet=&#8221;&#8221; transform_rotate_phone=&#8221;&#8221; transform_rotate_last_edited=&#8221;on|phone&#8221; transform_skew_tablet=&#8221;&#8221; transform_skew_phone=&#8221;&#8221; transform_skew_last_edited=&#8221;on|phone&#8221; transform_origin_tablet=&#8221;&#8221; transform_origin_phone=&#8221;&#8221; transform_origin_last_edited=&#8221;on|phone&#8221; transform_styles_last_edited=&#8221;on|phone&#8221; width=&#8221;57%&#8221; module_alignment=&#8221;center&#8221; transform_styles_tablet=&#8221;&#8221; transform_styles_phone=&#8221;&#8221; border_radii=&#8221;on|592px|592px|592px|592px&#8221; global_colors_info=&#8221;{}&#8221;][\/et_pb_image][\/et_pb_column][et_pb_column type=&#8221;1_3&#8243; _builder_version=&#8221;4.22.1&#8243; _module_preset=&#8221;default&#8221; global_colors_info=&#8221;{}&#8221;][\/et_pb_column][\/et_pb_row][et_pb_row _builder_version=&#8221;4.16&#8243; _module_preset=&#8221;default&#8221; custom_margin=&#8221;6px|auto||auto||&#8221; custom_padding=&#8221;||9px|||&#8221; global_colors_info=&#8221;{}&#8221;][et_pb_column type=&#8221;4_4&#8243; _builder_version=&#8221;4.16&#8243; _module_preset=&#8221;default&#8221; global_colors_info=&#8221;{}&#8221;][et_pb_divider color=&#8221;#000000&#8243; divider_weight=&#8221;5px&#8221; _builder_version=&#8221;4.16&#8243; _module_preset=&#8221;default&#8221; max_width=&#8221;50px&#8221; custom_margin=&#8221;||0px||false|false&#8221; global_colors_info=&#8221;{}&#8221;][\/et_pb_divider][et_pb_text _builder_version=&#8221;4.22.1&#8243; _module_preset=&#8221;b3e3ff14-5f5c-4608-8ecf-1885ce3da7aa&#8221; header_font=&#8221;DM Serif Display||||||||&#8221; header_text_color=&#8221;#000000&#8243; header_font_size=&#8221;45px&#8221; header_line_height=&#8221;1.1em&#8221; custom_margin=&#8221;-1px||10px||false|false&#8221; header_font_size_tablet=&#8221;40px&#8221; header_font_size_phone=&#8221;24px&#8221; header_font_size_last_edited=&#8221;on|desktop&#8221; global_colors_info=&#8221;{}&#8221;]<\/p>\n<h1>FORMULARIO DERECHO DE DESESTIMIENTO<\/h1>\n<p>[\/et_pb_text][\/et_pb_column][\/et_pb_row][\/et_pb_section][et_pb_section fb_built=&#8221;1&#8243; _builder_version=&#8221;4.22.1&#8243; _module_preset=&#8221;default&#8221; custom_padding=&#8221;0px||36px|||&#8221; global_colors_info=&#8221;{}&#8221;][et_pb_row _builder_version=&#8221;4.22.1&#8243; _module_preset=&#8221;default&#8221; global_colors_info=&#8221;{}&#8221;][et_pb_column type=&#8221;4_4&#8243; _builder_version=&#8221;4.22.1&#8243; _module_preset=&#8221;default&#8221; global_colors_info=&#8221;{}&#8221;][et_pb_text _builder_version=&#8221;4.22.1&#8243; _module_preset=&#8221;default&#8221; text_font=&#8221;Josefin Sans||||||||&#8221; text_text_color=&#8221;#000000&#8243; text_font_size=&#8221;16px&#8221; global_colors_info=&#8221;{}&#8221;]<\/p>\n<h2 class=\"wp-block-heading\"><strong>Informaci\u00f3n sobre el ejercicio del derecho de desistimiento:<\/strong><\/h2>\n<p>Tiene usted derecho a desistir del presente contrato en un plazo de 14 d\u00edas naturales sin necesidad de justificaci\u00f3n.<\/p>\n<p>Puede rescindir los contratos de compra que haya efectuado en www.globaltia.es tambi\u00e9n el formulario que aparece a continuaci\u00f3n tal y como indicamos en los T\u00e9rminos y Condiciones Generales de Venta. Tras recibir su rescisi\u00f3n, la confirmaremos inmediatamente por correo electr\u00f3nico.<\/p>\n<p>Para ejercer el derecho de desistimiento, deber\u00e1 usted notificarnos su decisi\u00f3n de desistir del contrato a trav\u00e9s de una declaraci\u00f3n inequ\u00edvoca (por ejemplo, una carta enviada por correo postal, fax o correo electr\u00f3nico). Podr\u00e1 utilizar el modelo de formulario de desistimiento que figura a continuaci\u00f3n, aunque su uso no es obligatorio.<\/p>\n<p>Para cumplir el plazo de desistimiento, basta con que la comunicaci\u00f3n relativa al ejercicio por su parte de este derecho sea enviada antes de que venza el plazo correspondiente.<\/p>\n<p><strong>Globaltia<\/strong><br \/>Pol\u00edgono Industrial Calle 15 Nave 3. 32911 San Cibrao das Vi\u00f1as (Ourense)<\/p>\n<p>Dispone de un plazo de 14 d\u00edas naturales a partir de la fecha en que nos comunique su decisi\u00f3n de desistimiento del contrato. Se considerar\u00e1 cumplido el plazo si efect\u00faa la devoluci\u00f3n de los bienes antes de que haya concluido dicho plazo<\/p>\n<p>El cliente deber\u00e1 \u00a0asumir el coste directo de devoluci\u00f3n de los bienes.<\/p>\n<p>Solo el cliente es responsable de la disminuci\u00f3n de valor de los bienes resultante de una manipulaci\u00f3n distinta a la necesaria para establecer la naturaleza, las caracter\u00edsticas y el funcionamiento de los bienes.<\/p>\n<h2 class=\"wp-block-heading\"><strong>Modelo de formulario de desistimiento<\/strong><\/h2>\n<p>Complete y reenv\u00ede este formulario \u00fanicamente si desea ejercer su derecho de desistimiento en relaci\u00f3n al contrato.<\/p>\n<p>Por correo ordinario a:<\/p>\n<p><strong>Globaltia<\/strong><br \/>Pol\u00edgono Industrial Calle 15 Nave 3. 32911 San Cibrao das Vi\u00f1as (Ourense)<\/p>\n<p>O a trav\u00e9s del e-mail: info@globaltia.es<\/p>\n<p><strong>Por la presente le comunico que deseo ejercitar el derecho de desistimiento en relaci\u00f3n con mi contrato de compraventa de los siguientes bienes:<\/strong><\/p>\n<p><strong>Comprados con fecha: _____________________________________________________________<\/strong><\/p>\n<p><strong>N\u00famero de pedido: _______________________________________________________________<\/strong><\/p>\n<p><strong>Nombre y Apellidos del Consumidor: __________________________________________________<\/strong><\/p>\n<p><strong>Direcci\u00f3n del Consumidor:<\/strong><\/p>\n<p><strong>Calle \/ N\u00ba: ______________________________________________________________________<\/strong><\/p>\n<p><strong>C\u00f3digo Postal \/ Municipio: __________________________________________________________<\/strong><\/p>\n<p><strong>Firma del Consumidor (Necesaria s\u00f3lo si este formulario se env\u00eda en papel)<\/strong><\/p>\n<p><strong>Fecha:\u00a0<\/strong><\/p>\n<p>[\/et_pb_text][\/et_pb_column][\/et_pb_row][\/et_pb_section]<\/p>\n","protected":false},"excerpt":{"rendered":"<p>FORMULARIO DERECHO DE DESESTIMIENTOInformaci\u00f3n sobre el ejercicio del derecho de desistimiento: Tiene usted derecho a desistir del presente contrato en un plazo de 14 d\u00edas naturales sin necesidad de justificaci\u00f3n. Puede rescindir los contratos de compra que haya efectuado en www.globaltia.es tambi\u00e9n el formulario que aparece a continuaci\u00f3n tal y como indicamos en los T\u00e9rminos [&hellip;]<\/p>\n","protected":false},"author":1,"featured_media":0,"parent":0,"menu_order":0,"comment_status":"closed","ping_status":"closed","template":"","meta":{"_et_pb_use_builder":"on","_et_pb_old_content":"","_et_gb_content_width":"","footnotes":""},"class_list":["post-165","page","type-page","status-publish","hentry"],"_links":{"self":[{"href":"https:\/\/globaltia.es\/index.php?rest_route=\/wp\/v2\/pages\/165","targetHints":{"allow":["GET"]}}],"collection":[{"href":"https:\/\/globaltia.es\/index.php?rest_route=\/wp\/v2\/pages"}],"about":[{"href":"https:\/\/globaltia.es\/index.php?rest_route=\/wp\/v2\/types\/page"}],"author":[{"embeddable":true,"href":"https:\/\/globaltia.es\/index.php?rest_route=\/wp\/v2\/users\/1"}],"replies":[{"embeddable":true,"href":"https:\/\/globaltia.es\/index.php?rest_route=%2Fwp%2Fv2%2Fcomments&post=165"}],"version-history":[{"count":6,"href":"https:\/\/globaltia.es\/index.php?rest_route=\/wp\/v2\/pages\/165\/revisions"}],"predecessor-version":[{"id":205,"href":"https:\/\/globaltia.es\/index.php?rest_route=\/wp\/v2\/pages\/165\/revisions\/205"}],"wp:attachment":[{"href":"https:\/\/globaltia.es\/index.php?rest_route=%2Fwp%2Fv2%2Fmedia&parent=165"}],"curies":[{"name":"wp","href":"https:\/\/api.w.org\/{rel}","templated":true}]}}